 z.
4
Let k be -37 + (-3)/24*-4*2. Let t = 46 + k. Calculate the highest common divisor of 10 and t.
10
Suppose -5*u = -2*x - 116, -x - 16 - 44 = -3*u. Let w = -31 - x. What is the highest common divisor of w and 51?
17
Let j = -43 + 37. Let a be j/4*-8*2. What is the greatest common divisor of 96 and a?
24
Let f(w) = w**3 + 15*w**2 + 4. Let n be f(-15). Calculate the greatest common divisor of 12 and n.
4
Suppose 485*b - 487*b = -18. Suppose -3*g - h = 37, 4*h - 21 = 3*g + 11. Let n be (0 - -24)*g/(-16). Calculate the highest common divisor of b and n.
9
Suppose -27*d = -21*d + 240. Let z = d - -42. What is the greatest common divisor of 20 and z?
2
Let f be 2 + 90/(-40) + (-6807)/(-12). Calculate the highest common divisor of f and 7.
7
Suppose -26*r + 1456 = -12*r. Calculate the highest common factor of 2392 and r.
104
Suppose 0 = d - 0*d - 78. Suppose -2*g = g - d. Calculate the greatest common divisor of g and 78.
26
Let n(o) = -o**2 - 10*o + 11. Let q be n(-6). Let v be (126/q)/(2/40). Calculate the greatest common factor of v and 108.
36
Suppose 4*c = z + 5 + 138, 3*c + 5*z = 113. Calculate the greatest common factor of 45 and c.
9
Let u be (-19)/(-2) - 4/(-8). Let q = u - -15. Suppose f = 2*k + 3*f - 58, k = -5*f + q. Calculate the greatest common divisor of 75 and k.
15
Let v(g) = -g**2 + 4*g + 2. Let f be v(4). Let k be 24*f*4/(-16). Let p = 13 + k. Calculate the highest common divisor of 11 and p.
1
Let d(n) = -47*n + 647. Let l be d(13). What is the highest common factor of l and 162?
18
Let s = -115 - -113. Let r be s*(-5 + 3/(-6)). Let u = 50 + 38. What is the greatest common divisor of r and u?
11
Let n = -135 - -189. Let j(f) = -8*f + 30. Let b be j(3). What is the greatest common divisor of b and n?
6
Let v(k) = -k + 5. Let n(b) = -2*b + 16. Let i(p) = 2*n(p) - 7*v(p). Let h be i(3). Let t be 2/(-3)*(-279)/h. What is the highest common divisor of t and 31?
31
Suppose 39*c = 38*c + 2. Suppose 6*y - 30 = -5*h + y, 2*y - 8 = c*h. Suppose 5*l = 17 + 18. What is the greatest common factor of h and l?
1
Suppose w + 3*x - 5*x = 37, 0 = w + 2*x - 49. Let t = w - 33. Let b(r) = -r + 7. Let c be b(5). Calculate the highest common divisor of c and t.
2
Suppose -v = -3*n + 8*n + 31, 2*v - 2*n = -2. Let y(u) = u**3 + 5*u**2 - 7*u + 4. Let a be y(v). Calculate the highest common factor of 2 and a.
2
Let c = -34 + -22. Let m be (12/8)/(6/c). Let n(v) = v**3 + 13*v**2 - 13*v + 15. Let s be n(m). What is the highest common divisor of s and 1?
1
Let q = -58 - -34. Let l = -19 - q. Suppose g - l*g + 32 = 0. What is the greatest common divisor of 16 and g?
8
Let m(p) = p**2 - 4*p - 8. Let j be m(6). Suppose -28 + 88 = j*c. Let u = -237 + 372. What is the highest common divisor of u and c?
15
Let g = -10 - -13. Let x be (g + -4)*0 + 4. Let s(w) = 5*w - 1. Let j be s(9). Calculate the highest common divisor of x and j.
4
Suppose 3 = -5*w - 5*h + 23, -2*h = -4*w + 34. Let d(j) = 6 + j**2 + j - 11 - 9 + j**2. Let b be d(w). Calculate the greatest common factor of 13 and b.
13
Let n be 55/(-2)*(-110)/25. Let c be -2 + 6 - (4 + -14 + 3). What is the greatest common divisor of c and n?
11
Let f be 4*((-25)/(-4) - 8). Suppose 3*l = 4*n - n + 48, -5*l + n = -60. Let z = f + l. What is the highest common divisor of 32 and z?
4
Suppose 4*t + 3*p = 268, 0*t + 3*p + 52 = t. Let h = t - 45. Calculate the greatest common factor of 57 and h.
19
Suppose 3*m - 43 - 95 = 0. Let y = m - 32. Suppose 5*n - 160 = -2*j - 2*j, 0 = n + 4*j - 48. What is the greatest common divisor of n and y?
14
Suppose -5*a - n + 63 + 22 = 0, -57 = -2*a - 5*n. Suppose 0 = -4*h + 5*h + 2*u - 156, 3*h - 438 = -u. What is the greatest common divisor of h and a?
16
Let v(t) = 229*t**3 + t**2 + t + 1. Let r be v(-1). Let q be (r/(-20))/1 + (-2)/5. What is the highest common divisor of q and 44?
11
Let a = 89 + -85. Let v(x) = x**2 - 8*x + 3. Let f be v(6). Let g be f*a/(-24)*2. Calculate the highest common factor of g and 33.
3
Let b = 4 - -1. Let o(d) = 5*d**2 + 13 - 2*d**2 - b*d - 11. Let a be o(3). Calculate the highest common factor of a and 14.
14
Suppose -4*k - 88 = -1496. Calculate the highest common divisor of k and 64.
32
Let b = -735 + 1059. Calculate the highest common divisor of 4 and b.
4
Let k(j) = j**2 - j + 21. Let z be k(0). Let q be (1 + -583)*(30/(-4) + 7). Let s = q - 123. Calculate the greatest common divisor of z and s.
21
Suppose 3*a = h - 79, h + 3*h = -3*a + 301. Let f = h + 86. What is the highest common divisor of f and 18?
18
Suppose -15*z = -21*z + 252. Calculate the greatest common factor of z and 105.
21
Let p(n) = -2*n + 1. Let m be p(-3). Let h(x) = x**2 + 5*x + 7. Let v be h(m). What is the highest common divisor of 13 and v?
13
Let p = 2 - 1. Suppose -2*j + 0*h + 22 = -4*h, -9 = j + 3*h. Calculate the greatest common factor of p and j.
1
Let s be 4/(-14) - 1830/14. Let n(v) = 25*v**2 - v - 4. Let c be n(4). Let o = c + s. Calculate the highest common divisor of o and 29.
29
Suppose 0 = -n - 4*o + 116, -6*n = -2*n + o - 404. What is the highest common divisor of n and 4?
4
Let r = -167 + 177. Calculate the highest common factor of 290 and r.
10
Suppose -56*f + 64*f - 10528 = 0. What is the highest common divisor of f and 4?
4
Let l = -11 - -16. Let i = 21 + -5. Suppose -4*w = -5*o - i - 9, -3*w + 3*o + 18 = 0. Calculate the greatest common divisor of w and l.
5
Suppose -z = n - 0*n - 7, 3*n - 21 = 3*z. Let q be (5 - (1 + -2)) + (n - 8). What is the greatest common divisor of 15 and q?
5
Let g = -10 - -18. Suppose -5 + 253 = g*p. Calculate the highest common divisor of 62 and p.
31
Suppose 3*l = 3*n - 231, 2*l = 5*n - 204 - 193. Suppose 486*m = 466*m + 540. What is the highest common divisor of m and n?
27
Let r(i) = 27*i + 215. Let c be r(0). What is the greatest common factor of c and 43?
43
Suppose -m - 3*c = -16, 2*c = 3*m + 6*c - 38. Suppose 5*b - 10 = q, 0 = 3*q - 6*b + b - m. What is the greatest common factor of q and 2?
2
Let o be (-4 - -2) + 1 - -3. Let g = 464 + -459. Calculate the highest common divisor of g and o.
1
Suppose 0 = -2*a + 3*l - 1 + 37, -3*l = 0. Let d = a - 15. Let w be (2*6 + d)/1. What is the highest common divisor of w and 10?
5
Suppose -5*x = -13 - 32. Let v = 123 + 118. Suppose 6*a = v + 29. Calculate the greatest common divisor of x and a.
9
Let d be (-45)/(-10)*(-4)/3. Let u be 3/d - (-158)/4. Suppose 24 = 3*n - 15. Calculate the greatest common factor of n and u.
13
Suppose -5*o - 1 + 11 = 0. Let x(v) = 2*v**2 - 2*v - 2. Let p be x(o). Let j be 486/11 - p/11. Calculate the highest common factor of 4 and j.
4
Suppose -30 - 10 = -5*v. Let h be (-6)/24 - (-410)/v. Suppose 2*m + 68 = 4*m. Calculate the greatest common divisor of m and h.
17
Suppose -4*z + c + 213 + 8 = 0, -2*z = 2*c - 118. Calculate the highest common divisor of 40 and z.
8
Let z = 914 + -890. Calculate the greatest common divisor of z and 30.
6
Let l = -2 - -10. Let y be (38 - l)*(-1)/2. Let w be 246/10 - (-9)/y. What is the greatest common divisor of w and 16?
8
Let x(q) = q + 17. Let a be x(-12). What is the highest common factor of a and 205?
5
Suppose 2*l + 2*c - 242 = 0, 0 = -l + 3*c + 35 + 78. What is the highest common divisor of l and 56?
7
Let d(r) = -r**2 - 11*r - 23. Let a be d(-3). Suppose 2*q = -0 + 6. Suppose 38 = q*j + 5. What is the greatest common factor of j and a?
1
Let m be 5 + (5/10)/(2/(-4)). Suppose -4*n = 5*d - 632, 0 = 4*d - m*n + 5*n - 510. Calculate the highest common factor of 8 and d.
8
Suppose 555 = -5*w + 20*w. Let d be 3100/12 + (-2)/(-3). Calculate the greatest common divisor of w and d.
37
Let g be ((-10)/6)/(2 + 14/(-6)). Suppose 0 = -4*x - g*o + 176, -2*o = 3*x + o - 129. Calculate the highest common factor of x and 65.
13
Suppose 0 = -2*o - 3*v + 73, -v = -3*o - 6*v + 107. Suppose -4*m = -20, x - 4*m - o = -3*x. Calculate the greatest common factor of 16 and x.
16
Suppose -57 = -3*p + v, 3*v + 55 = 5*p - 44. What is the greatest common factor of 234 and p?
18
Let t(r) = 24*r**2. Let a be t(-1). Calculate the greatest common factor of 228 and a.
12
Suppose 4*o + 6*x = x + 905, -x = 5*o - 1105. Let g(m) = -5*m - 2. Let r be g(-5). Suppose 17 + r = 2*j. Calculate the highest common factor of j and o.
20
Suppose 0 = -2*d + 9 